 -16
50
Calculate -2 + -18 + (65 - 159 - -39).
-75
Evaluate 6 + 0 - -1 - (-9187 + 9079 - (-104 - -1)).
12
Calculate 8 - (-65 + 57 - (0 - 1 - -2) - -62).
-45
What is the value of 22 + 23 + 7 - 66?
-14
Evaluate (-7 - 159 - -3) + (318 - 282).
-127
64 + -101 - (24 - -8)
-69
Evaluate 77 + (38 - 97) + (-51 - -5).
-28
Calculate -185 + 215 + (1 + (-1 - -4) - -3).
37
(26 - (-25 + 30)) + (-2 - -1) - 62
-42
Evaluate 2 - (19 + (7 + (8 - 3) - 21)).
-8
Evaluate 8 + (-38 - -25 - 51).
-56
What is 1 + 4 - ((-22 - 9) + 24 - -35)?
-23
What is the value of 14 + (-60 - -13 - -1)?
-32
Calculate (-12 - (-93 - -120)) + 70.
31
Evaluate -5 + ((-48 - 6) + 46 - (0 - 6)).
-7
What is the value of -44 + (36 - (-28 + 64))?
-44
-76 + 1 + 17 + (406 - 402)
-54
Calculate -66 - (-30 + 9) - -39 - 2.
-8
-22 - (-49 - -84 - 38)
-19
Calculate 28 + (-43 - (-34 + -4) - -23).
46
What is the value of 53 + -6 + -44 + (0 - ((2 - 1) + 0))?
2
What is 169 + -130 + 39 - -17?
95
Calculate (245 - 139 - 103) + (1 - -53 - (-2 + 1)).
58
What is 12 - (-24 + (-1 - 20) + 24)?
33
(1789 - 1733) + (-33 - -3)
26
Calculate 76 - 115 - -12 - -38.
11
6 + ((70 - 10) + -23 - (-2 - (-2 - 1)))
42
Calculate 17 + (-9 - -123) + -42 - -22.
111
What is the value of (-173 - -69) + (78 - 28)?
-54
What is the value of 53 + 0 + 2276 + -2381?
-52
Calculate 18 + -10 + -17 - (-9 + 20).
-20
What is 119 + (-127 - (-44 - 70))?
106
Evaluate -8 - (42 + (2 - 52)).
0
Evaluate 9 + (2 - -1 - -12) - 19 - (-1 - -42).
-36
(18 - 1) + 41 + -140 + 21
-61
-13 + -9 + (20 - -12) - 32
-22
What is (-16 - (-53 - -48)) + -2 + (5 - 2) + -16?
-26
What is -63 - (-61 + 60 + -101)?
39
What is -12 + (-65 - 0 - (11 - 27)) + -1 + 0?
-62
Calculate 55 + (5 - 24) + 44 + 4 + 2.
86
127 + -27 + -172 + -8
-80
What is the value of (-1 - -2) + -11 + -2 + 1906 + -1889?
5
What is the value of -62 + 3 + (-26 - -6) - 22 - 11?
-112
Evaluate -2 + 9 - (26 - -3) - -125.
103
Calculate (-3 - -44) + 6 - (19 + -9) - (-2 + 7).
32
Evaluate 1 + 3 + -12 - (-23 - (19 + 1)).
35
What is the value of 1 - 3 - ((8 - 64 - -34) + 34)?
-14
Evaluate 352 + -379 - (-29 - -1) - (85 + 3).
-87
What is (638 - 607) + -1 + -23?
7
Calculate -214 - -1 - (-12285 - -12178).
-106
Evaluate 10 + -31 + (25 - -28).
32
What is 4 + 25 + -157 + 174?
46
What is the value of -3 - (-39 + (-3 - -11) + 11 + (-12 - -10))?
19
Calculate 50 + 75 + 39 + -94.
70
What is -55 + 11 - 105 - 9 - -34?
-124
Evaluate (-2 - -1) + (2 - 14) + 137 + (38 - 130).
32
Calculate (63 - 52) + (5 - -17) + -30.
3
Evaluate 82 + (-114 - -122) + -23.
67
-1 - (-7 - -9) - -4 - -18
19
What is -19 - ((1 - -1) + (-53 - 11)) - -4?
47
Calculate -168 + 145 - (0 - (-1 + -7)).
-31
What is (-18 + 95 - 38) + (5 - (2 + 10) - -2)?
34
1 - -6 - 3 - ((-2 - (3 - 7)) + 0)
2
Evaluate -64 - -3 - (1080 + -1102).
-39
-33 + (97 - (12 + 16))
36
What is the value of -31 + 7 + 18 + (1 - (1 - 8))?
2
Calculate -62 + -2 + -8 + (-7 - (-5 + -9)).
-65
What is the value of (-6 - 6 - (17 - 18)) + -1 + 15 + 4?
7
Calculate -25 + (10 - 0) + 3 - 11.
-23
Evaluate 16 + -88 + -24 - -43.
-53
Calculate -1 + (47 - (-12 - -7)) - (3 - (-3 - -14)).
59
What is the value of -63 + 0 + (2 - (3 + (-32 - -22))) + 8?
-46
What is -4 + -111 + (-1357 - -1491)?
19
Evaluate -13 + 0 + 12 + -12 - -24.
11
What is -3 + 12 + (-1159 - -1171)?
21
-228 - (-566 + 243) - (0 + (-21 - -2))
114
87 + -196 + 110 + 72 + -3
70
What is the value of (-74 - -77) + (2 - -4) - 10?
-1
Calculate (-11 + (30 - 15) - 4 - 15) + 15 + -14.
-14
Calculate 15 - (-7 + (-6 - (-15 - 3 - -1))).
11
Evaluate -18 + (24 - 21 - 4) + 25.
6
Calculate 2 + 2 - (10 + -6 + 38 - (4 - -5)).
-29
Calculate 8 + (3 + -37 - -64).
38
(92 - (53 - 16)) + (-3 - (2 - -5))
45
1 - (23 - -4) - (170 + -242)
46
Evaluate 18 - (-32 - -35 - -36).
-21
(37 - -13) + -8 + (-1 - 0)
41
Calculate 27 + -76 + 595 + -589.
-43
What is 17 + (0 - 0 - (-157 - -154))?
20
Evaluate (23 - 135) + (-1 - -5) + (54 - (-67 + 114)).
-101
What is 21 + (34 - 22) + 7 + -42?
-2
What is the value of 48 + 20 + -155 + 121?
34
What is the value of 20 - ((3 - (-5 + -25)) + 13)?
-26
108 - (-24 + 89 - -3)
40
19 - (-21 - -16 - (-23 + 44))
45
Calculate -25 + 19 + (19 + 6 - 2).
17
-32 + (80 - (8 + 80))
-40
What is (0 - 7 - -4 - (2 - 15)) + (-12 - -21)?
19
Evaluate -10 + 0 - -4 - ((-1 - -22) + -1336 + 1319).
-10
What is the value of -24 + 19 + -16 + -19 + -8?
-48
What is 1 + 79 + (14745 - 14927)?
-102
What is (-3 - 2) + (-10 + (1 + -2 - -9) - 48)?
-55
1 + 0 + -89 - (45 - (-224 + 258))
-99
6 + -142 + 178 + (-5 + 1 + 0 - 0)
38
What is the value of -4806 - -4782 - (0 + 0 + 71)?
-95
What is (53 + -76 - (-6 - 10)) + 36 + (-3 - -2)?
28
Calculate -43 - (-22 - -11) - -35 - (6 + 1).
-4
Calculate -5 - ((8 - 15) + -12) - (1 + 9).
4
What is 9 + (-10 - (-2 - -5)) + (24 - -24 - 33)?
11
What is -2010 + 1995 + (-2 - 0 - -53)?
36
(37 - ((-2 - -3) + 0)) + 278 + -282 + -1
31
Calculate (-20 - -49) + (-23 - -9) + -10.
5
Evaluate -2 - 0 - (-9 - -28) - (-373 - -379).
-27
What is 13 + -7 + -16 - (-25 - -1 - (-18 - -20))?
16
Calculate -45 - (-31 + -39 + 64).
-39
Evaluate 4 - (1 + 9 + -86).
80
Evaluate 134 - -2 - ((-11 - (44 + -104)) + -35).
122
(-11 - -5) + (40 - 33 - (1 - 2)) + -2
0
What is the value of (2 - 5) + 8 - (-2 - (-25 + 14))?
-4
What is the value of (10 - 2) + 1 + 1 + (19058 - 19014)?
54
Calculate -7 - (-5 + -29 + 18 + 56 + 2).
-49
Calculate 7 - (15 - 15 - 1 - (-6 + -1)).
1
What is the value of (39 - (-11 + (-26 - -55))) + -25?
-4
Evaluate -9 + -181 + 2794 + -2660.
-56
Calculate (-3 - -2) + 26 - (74 - 61) - -62.
74
What is -54 + 10 + -12 + (3 - ((-5 - -10) + -16))?
-42
Calculate 61 - (43 + -89 - -76).
31
What is 9 + 3 + -23 + -16 + (-3 - -8)?
-22
Calculate 1 - (22 + 5) - (1 - 28 - -18).
-17
What is the value of (-19 + -26 - -34 - (70 - -6)) + 2?
-85
-26 - (-8 - (22 + -12)) - -37
29
Evaluate (17 - -14 - (-71 - -101)) + 3 + -18.
-14
19 - (-1 + 16 + 100 + -117)
21
What is -78 + 54 - (27 - 70)?
19
What is the value of (-2 - -56) + 3 + 1601 + -1611?
47
What is the value of 0 + -3 - (-23 + (-72 - -60))?
32
What is the value of 1729 + -1735 - (2 + (-2 - 31) + 2 - -3)?
20
What is the value of (-7 + 1 + -6 - (-36 - -27)) + 0 + -38?
-41
Evaluate 17 + (-24 - (10 - -61)) + 24.
-54
What is the value of -42 + (165 - 101) - (0 - 24)?
46
-2 - 23 - ((-50 - -39) + 2 + 1)
-17
Evaluate 17 + (-33 - 37 - -45).
-8
What is the value of -5 + 0 + 33 + (-93 - -90)?
25
17 - (-19 + 63 + -16 + 1)
-12
-885 + 884 - (46 + 3)
-50
42 - (66 - (20 - -5))
1
What is 17 + (124 - (-23 + 284))?
-120
(-8 - -18) + (-13 - (6 + -16 - -7))
0
(19 + 15 + -22 - -10) + -103 + -7
-88
What is the value of 8 - (1 + -2 + (31 - 29) + 13 + -14)?
8
(-51 + 4 - -168) + (-2 - (-3 + 3 + 6))
113
Evaluate (15 - (4 - -16)) + (-84 - 1) + 56 + -46.
-80
What is the value of (44 - (-205 - -263)) + 2 + (-16 - 1)?
-29
Evaluate (-26 - (15 + -39) - (-5 - 1)) + 8.
12
What is 6504 - 6342 - (64 + 0)?
98
What is the value of (41 - -5) + 187 + -201?
32
Evaluate -10 + (8 + 12 - 0) + -3 - (-6 - -1).
12
Evaluate -50 - (-34 + 28 + -17) - 23.
-50
-23 + ((1 + -2 - 3) + 1 - (-810 - -808))
-24
Calculate 49 + 29 + -125 + -51.
-98
Evaluate (24 - 28 - -91) + -69.
18
Evaluate (-330 - -356) + 34 + 0 + -17.
43
17 - (140 + -88 - 37)
2
-14 + -5 + 12 - (-5 + -54) - 15
37
Calculate -79 + 48 - (-101 - -23).
47
What is the value of -64 + -66 + 0 + 80?
-50
What is the value of 10 + ((-6 - -5) + -2 - (197 + -153))?
-37
What is the value of (86 - (55 - -16)) + (2 - 32 - 2)?
-17
What is -16 - (-64 + (-33 - -45))?
36
Evaluate 3 + 117 + -100 + 4 + 19.
43
-209 + 215 + (-3 - 9)
-6
What is the value of 34 + -50 + -14 - (5 + 2)?
-37
Evaluate 16 - -20 - 109 - -42.
-31
Calculate 95 - (1 + (-6 - -1) + (-159 - (-309 + 152))).
101
Evaluate (-2 + 5 - -5) + 23 + (-1 + 1 - -15).
46
What is the value of (-4 - -19) + (21 - (34 - 9)) + (-71 - -3)?
-57
24 + (57 - (39 + -21 - -1))
62
What is 11 + (1 - -1) + (-342 - -178 - -31)?
-120
What is 81 + 8 - (28 + -32 + 24 - 24)?
93
What is the value of -25 + -29 + 14 + 14 - -1?
-25
(-14 - 7) + (0 + 1 - (-2 + 2)) + 8
-12
Evaluate 10 - (-71 + 97 - 18).
2
-49 + (37 - (-8 + 0))
-4
Calculate (21 - (25 - 0) - 18) + 57.
35
What is the value of 116 + 103 + -165 - 89?
-35
-10 - ((-13 - 6) + 15 - (-4 + (-3 - -9)))
-4
35 + 3 - (2417 + -2463)
84
-1 + (63 - 23) + -34
5
Evaluate 21 - (1 + (3 - -3) + -5 + 6